{"id":12,"date":"2020-01-01T20:51:35","date_gmt":"2020-01-01T20:51:35","guid":{"rendered":"http:\/\/imkerei-lindner.de\/?page_id=12"},"modified":"2020-01-22T10:36:21","modified_gmt":"2020-01-22T10:36:21","slug":"home","status":"publish","type":"page","link":"https:\/\/imkerei-lindner.de\/","title":{"rendered":"Home"},"content":{"rendered":"\n<h1>Willkommen in unserer Familienimkerei<\/h1>\n\n\n\n<p>Die Imkerei ist unser neues Hobby. Bienen sind h\u00f6chst interessante \nTiere,&nbsp;egal ob Wildbienen oder Honigbiene, und es ist absolut \nfaszinierend sich n\u00e4her mit ihnen zu besch\u00e4ftigen. Stundenlang kann man \nin B\u00fcchern schm\u00f6ckern und immer findet man neue, unglaubliche Details \n\u00fcber diese Tiere.<\/p>\n\n\n\n<p>Und wenn man dann einen Bienenstock im eigenen Garten stehen hat und&nbsp;\n bei einer Tasse Kaffe in der Nachmittagssonne sitzt und das Treiben am \nFlugloch beobachtet, dann ist dieser Augenblick unbeschreiblich. Diese \ninnere Ruhe und Zufriedenheit, die sich einstellt, ist mit keinem Geld \nder Welt zu bezahlen.<\/p>\n\n\n\n<figure class=\"wp-block-image size-large\"><img decoding=\"async\" loading=\"lazy\" width=\"1024\" height=\"746\" src=\"https:\/\/imkerei-lindner.de\/wp-content\/uploads\/2020\/01\/am-Flugloch-1024x746.jpg\" alt=\"\" class=\"wp-image-202\" srcset=\"https:\/\/imkerei-lindner.de\/wp-content\/uploads\/2020\/01\/am-Flugloch-1024x746.jpg 1024w, https:\/\/imkerei-lindner.de\/wp-content\/uploads\/2020\/01\/am-Flugloch-300x219.jpg 300w, https:\/\/imkerei-lindner.de\/wp-content\/uploads\/2020\/01\/am-Flugloch-768x559.jpg 768w, https:\/\/imkerei-lindner.de\/wp-content\/uploads\/2020\/01\/am-Flugloch-1536x1119.jpg 1536w, https:\/\/imkerei-lindner.de\/wp-content\/uploads\/2020\/01\/am-Flugloch-2048x1492.jpg 2048w\" sizes=\"(max-width: 1024px) 100vw, 1024px\" \/><figcaption>Am Flugloch<\/figcaption><\/figure>\n\n\n\n<p>Nat\u00fcrlich w\u00fcrden die Bienen in unserem Garten auch ohne unser Zutun \nein, zwei vielleicht auch drei Jahre \u00fcberleben, aber irgendwann w\u00e4re das\n Volk tot. Krankheiten, Sch\u00e4dlinge, R\u00e4ubereien w\u00fcrden das Volk \ndezimieren und im folgenden Winter m\u00fcssten sie erfrieren oder \nverhungern.<\/p>\n\n\n\n<p>Wenn wir uns aber um sie k\u00fcmmern, ihnen helfen, sie unterst\u00fctzen und \nbesch\u00fctzen, dann geht es ihnen gut, sie entwickeln sich pr\u00e4chtig und \nsind zu wahren H\u00f6chstleistungen f\u00e4hig. Sie tragen dann soviel Honig ein,\n dass wir als Lohn f\u00fcr unsere imkerliche T\u00e4tigkeit einen kleinen Teil \ndavon entnehmen k\u00f6nnen, ohne ihnen zu Schaden.<\/p>\n\n\n\n<p>Und von diesen Arbeiten wollen wir hier auf unserer Homepage berichten.<\/p>\n\n\n\n<figure class=\"wp-block-image size-large\"><img decoding=\"async\" loading=\"lazy\" width=\"1024\" height=\"762\" src=\"https:\/\/imkerei-lindner.de\/wp-content\/uploads\/2020\/01\/drei-Imker-1024x762.jpg\" alt=\"\" class=\"wp-image-13\" srcset=\"https:\/\/imkerei-lindner.de\/wp-content\/uploads\/2020\/01\/drei-Imker-1024x762.jpg 1024w, https:\/\/imkerei-lindner.de\/wp-content\/uploads\/2020\/01\/drei-Imker-300x223.jpg 300w, https:\/\/imkerei-lindner.de\/wp-content\/uploads\/2020\/01\/drei-Imker-768x572.jpg 768w, https:\/\/imkerei-lindner.de\/wp-content\/uploads\/2020\/01\/drei-Imker.jpg 1200w\" sizes=\"(max-width: 1024px) 100vw, 1024px\" \/><figcaption>Familienimkerei Lindner<\/figcaption><\/figure>\n\n\n\n<p>Gerne geben wir auch von unserem &#8222;Imkerlohn&#8220; etwas ab, unterst\u00fctzen \nSie uns und unsere Arbeit und kaufen Ihren Honig bei Ihrem Imker vor \nOrt:<\/p>\n\n\n\n<h4>Familie Lindner, Hunsr\u00fcckstra\u00dfe 21, 65520 Bad Camberg<\/h4>\n\n\n\n<h4>Telefon: 0 64 34 \/ 90 34 64<\/h4>\n\n\n\n<h4><a href=\"mailto:mail@imkerei-lindner.de\">mail@imkerei-lindner.de<\/a><\/h4>\n\n\n\n<figure class=\"wp-block-image size-large\"><img decoding=\"async\" loading=\"lazy\" width=\"1024\" height=\"768\" src=\"https:\/\/imkerei-lindner.de\/wp-content\/uploads\/2020\/01\/warenkorb-1024x768.jpg\" alt=\"\" class=\"wp-image-201\" srcset=\"https:\/\/imkerei-lindner.de\/wp-content\/uploads\/2020\/01\/warenkorb-1024x768.jpg 1024w, https:\/\/imkerei-lindner.de\/wp-content\/uploads\/2020\/01\/warenkorb-300x225.jpg 300w, https:\/\/imkerei-lindner.de\/wp-content\/uploads\/2020\/01\/warenkorb-768x576.jpg 768w, https:\/\/imkerei-lindner.de\/wp-content\/uploads\/2020\/01\/warenkorb-1536x1152.jpg 1536w, https:\/\/imkerei-lindner.de\/wp-content\/uploads\/2020\/01\/warenkorb-2048x1536.jpg 2048w\" sizes=\"(max-width: 1024px) 100vw, 1024px\" \/><\/figure>\n\n\n\n<p>Wir haben immer feincremigen hellen Bl\u00fctenhonig, fl\u00fcssigen dunklen Sommerhonig, Bad Camberger Honigwein &#8211; trocken und Bienenwachst\u00fccher in verschiedenen Gr\u00f6\u00dfen im Angebot. <\/p>\n\n\n\n<p>Alles aus eigener Manufaktur.<\/p>\n\n\n\n<p>Wir freuen uns auf Ihren Besuch. Bitte vorher kurz anrufen, damit nicht nur der Hund zuhause ist, um Sie zu empfangen.<\/p>\n\n\n\n<figure class=\"wp-block-image size-large\"><img decoding=\"async\" loading=\"lazy\" width=\"984\" height=\"738\" src=\"https:\/\/imkerei-lindner.de\/wp-content\/uploads\/2020\/01\/imkervortrag.jpg\" alt=\"\" class=\"wp-image-14\" srcset=\"https:\/\/imkerei-lindner.de\/wp-content\/uploads\/2020\/01\/imkervortrag.jpg 984w, https:\/\/imkerei-lindner.de\/wp-content\/uploads\/2020\/01\/imkervortrag-300x225.jpg 300w, https:\/\/imkerei-lindner.de\/wp-content\/uploads\/2020\/01\/imkervortrag-768x576.jpg 768w\" sizes=\"(max-width: 984px) 100vw, 984px\" \/><\/figure>\n\n\n\n<p> Manner und Paul beim Vortrag vor Grundschulkindern an unserem Bienenstand auf der st\u00e4dtischen Streuobstwiese in W\u00fcrges. <\/p>\n\n\n\n<figure class=\"wp-block-image size-large\"><img decoding=\"async\" loading=\"lazy\" width=\"984\" height=\"738\" src=\"https:\/\/imkerei-lindner.de\/wp-content\/uploads\/2020\/01\/hanna-im-einsatz.jpg\" alt=\"\" class=\"wp-image-15\" srcset=\"https:\/\/imkerei-lindner.de\/wp-content\/uploads\/2020\/01\/hanna-im-einsatz.jpg 984w, https:\/\/imkerei-lindner.de\/wp-content\/uploads\/2020\/01\/hanna-im-einsatz-300x225.jpg 300w, https:\/\/imkerei-lindner.de\/wp-content\/uploads\/2020\/01\/hanna-im-einsatz-768x576.jpg 768w\" sizes=\"(max-width: 984px) 100vw, 984px\" \/><\/figure>\n\n\n\n<p> Hanna, die Jungimkerin, im Einsatz beim Vortrag an Ostern 2015 <\/p>\n","protected":false},"excerpt":{"rendered":"<p>Willkommen in unserer Familienimkerei Die Imkerei ist unser neues Hobby. Bienen sind h\u00f6chst interessante Tiere,&nbsp;egal ob Wildbienen oder Honigbiene, und es ist absolut faszinierend sich n\u00e4her mit ihnen zu besch\u00e4ftigen. Stundenlang kann man in B\u00fcchern schm\u00f6ckern und immer findet man neue, unglaubliche Details \u00fcber diese Tiere. Und wenn man dann einen Bienenstock im eigenen Garten&#8230;<\/p>\n<p class=\"more-link\"><a href=\"https:\/\/imkerei-lindner.de\/\" class=\"themebutton3\">Read More<\/a><\/p>\n","protected":false},"author":1,"featured_media":0,"parent":0,"menu_order":0,"comment_status":"closed","ping_status":"closed","template":"","meta":[],"_links":{"self":[{"href":"https:\/\/imkerei-lindner.de\/index.php?rest_route=\/wp\/v2\/pages\/12"}],"collection":[{"href":"https:\/\/imkerei-lindner.de\/index.php?rest_route=\/wp\/v2\/pages"}],"about":[{"href":"https:\/\/imkerei-lindner.de\/index.php?rest_route=\/wp\/v2\/types\/page"}],"author":[{"embeddable":true,"href":"https:\/\/imkerei-lindner.de\/index.php?rest_route=\/wp\/v2\/users\/1"}],"replies":[{"embeddable":true,"href":"https:\/\/imkerei-lindner.de\/index.php?rest_route=%2Fwp%2Fv2%2Fcomments&post=12"}],"version-history":[{"count":3,"href":"https:\/\/imkerei-lindner.de\/index.php?rest_route=\/wp\/v2\/pages\/12\/revisions"}],"predecessor-version":[{"id":203,"href":"https:\/\/imkerei-lindner.de\/index.php?rest_route=\/wp\/v2\/pages\/12\/revisions\/203"}],"wp:attachment":[{"href":"https:\/\/imkerei-lindner.de\/index.php?rest_route=%2Fwp%2Fv2%2Fmedia&parent=12"}],"curies":[{"name":"wp","href":"https:\/\/api.w.org\/{rel}","templated":true}]}}