{"id":64,"date":"2020-01-02T17:25:48","date_gmt":"2020-01-02T17:25:48","guid":{"rendered":"http:\/\/imkerei-lindner.de\/?page_id=64"},"modified":"2020-01-02T17:25:48","modified_gmt":"2020-01-02T17:25:48","slug":"pollen","status":"publish","type":"page","link":"https:\/\/imkerei-lindner.de\/?page_id=64","title":{"rendered":"Pollen"},"content":{"rendered":"\n<p>Pollen werden von den Bienen eingetragen und dienen ihnen als Nahrung. Bei den Sammlerbienen kann man die Pollen sehr sch\u00f6n an den gelben \u201eH\u00f6schen\u201c sehen. Die Bienen kneten die Pollen und heften sie sich zum Transport an die Hinterbeine. Die Pollen sind reich an Eiwei\u00df, Kohlenhydraten, Hormonen und Enzymen. Sie werden zur allgemeinen St\u00e4rkung verwendet. Dar\u00fcber hinaus sind sie anregend f\u00fcr das Verdauungssystem.<\/p>\n\n\n\n<p>Die Ernte und Aufbereitung von Pollen ist sehr aufwendig und deshalb bieten wir keinen Pollen zum Verkauf an.<\/p>\n","protected":false},"excerpt":{"rendered":"<p>Pollen werden von den Bienen eingetragen und dienen ihnen als Nahrung. Bei den Sammlerbienen kann man die Pollen sehr sch\u00f6n an den gelben \u201eH\u00f6schen\u201c sehen. Die Bienen kneten die Pollen und heften sie sich zum Transport an die Hinterbeine. Die Pollen sind reich an Eiwei\u00df, Kohlenhydraten, Hormonen und Enzymen. Sie werden zur allgemeinen St\u00e4rkung verwendet&#8230;.<\/p>\n<p class=\"more-link\"><a href=\"https:\/\/imkerei-lindner.de\/?page_id=64\" class=\"themebutton3\">Read More<\/a><\/p>\n","protected":false},"author":1,"featured_media":0,"parent":0,"menu_order":0,"comment_status":"closed","ping_status":"closed","template":"","meta":[],"_links":{"self":[{"href":"https:\/\/imkerei-lindner.de\/index.php?rest_route=\/wp\/v2\/pages\/64"}],"collection":[{"href":"https:\/\/imkerei-lindner.de\/index.php?rest_route=\/wp\/v2\/pages"}],"about":[{"href":"https:\/\/imkerei-lindner.de\/index.php?rest_route=\/wp\/v2\/types\/page"}],"author":[{"embeddable":true,"href":"https:\/\/imkerei-lindner.de\/index.php?rest_route=\/wp\/v2\/users\/1"}],"replies":[{"embeddable":true,"href":"https:\/\/imkerei-lindner.de\/index.php?rest_route=%2Fwp%2Fv2%2Fcomments&post=64"}],"version-history":[{"count":1,"href":"https:\/\/imkerei-lindner.de\/index.php?rest_route=\/wp\/v2\/pages\/64\/revisions"}],"predecessor-version":[{"id":65,"href":"https:\/\/imkerei-lindner.de\/index.php?rest_route=\/wp\/v2\/pages\/64\/revisions\/65"}],"wp:attachment":[{"href":"https:\/\/imkerei-lindner.de\/index.php?rest_route=%2Fwp%2Fv2%2Fmedia&parent=64"}],"curies":[{"name":"wp","href":"https:\/\/api.w.org\/{rel}","templated":true}]}}